 - 1. Suppose -o*q = -132 - 357. What is the hundreds digit of q?
1
Let d be 1/(-2) - 2/4. Let w be (-3)/(-6) + d/2. What is the units digit of 8 - (w/(-3) - 0)?
8
Let v = -63 - -64. What is the tens digit of (v - 8/2)*495/(-27)?
5
Suppose 2*i - 82 = 74. Suppose 3*l + 4*t - 85 = 4*l, -i = l + 3*t. Let x = l + 115. What is the units digit of x?
4
Let t = 265 + 235. What is the hundreds digit of t?
5
Let g(r) = -74*r + 19. Let b be g(-7). Suppose -261 - b = -6*i. What is the units digit of i?
3
Suppose -6*s + 476 = -2*s. Suppose -5*f = 5*o - 215, 9*f - s = -3*o + 4*f. What is the units digit of o?
8
Let r(d) = -d**3 - 20*d**2 + d + 29. Let j be r(-20). What is the units digit of (j + 1)*15/2?
5
Let i = 109 + 917. What is the hundreds digit of i?
0
Let p(o) = -22*o**3 + 6*o**2 - 6*o. Let a be p(-4). Suppose 2270 = 18*q - a. What is the units digit of q?
1
What is the thousands digit of (1218 + 7)*(2 + -1)?
1
Suppose -4*g + 8 = j, 0*g - 1 = -j + 3*g. Suppose -j*v + 15 = -361. What is the tens digit of v?
9
Suppose -67 = -5*s + 3*s + w, 2*w = s - 26. Suppose 0 = 2*m - 40 - s. What is the tens digit of m?
3
Let b(v) = -270*v**2 - v - 1. Let a be b(-1). What is the units digit of a/(-6) + (-1 + 3)*-1?
3
Let x(l) = 4*l**2 + 143*l - 45. What is the units digit of x(-49)?
2
Let b = 2 + -13. Let p = b - -21. Suppose p = -4*v + 38. What is the units digit of v?
7
Let n = 13 + -8. Suppose -145 - 55 = n*r. Let j = r + 66. What is the tens digit of j?
2
Let m = 346 + -325. What is the units digit of m?
1
Let q = -301 - -423. Suppose 0 = -p + 3*y + 2*y + 130, p = -3*y + q. What is the units digit of p?
5
Suppose -4*a + 888 = 3*b, 5*a + 65 = -2*b + 664. What is the tens digit of b?
9
Suppose -13*m - 7 + 7 = 0. Let j be (-14)/1*3/(-6). Let z = j - m. What is the units digit of z?
7
Let b(a) = 2*a**2 + 20*a + 143. What is the units digit of b(-15)?
3
Let n(j) = 884*j - 216. What is the hundreds digit of n(4)?
3
Let d(o) = 97*o**2 + 39*o + 1. What is the thousands digit of d(4)?
1
Suppose -m - 8 = -2*q + 2*m, 5*q = 5*m + 20. Suppose -3*j - q*u = -776, -4*j + 3*u = 7*u - 1036. What is the hundreds digit of j?
2
Let o = 49 - -117. What is the units digit of o?
6
Let z be (-12)/(-1) + (-9)/(-3). Let s = 4 - z. Let y = 14 + s. What is the units digit of y?
3
Let o = -13 + 12. Let h(k) = -63*k**3 - 1. What is the units digit of h(o)?
2
Let t(j) = -3*j + 19. Let f be t(5). Suppose f*y - 153 = -5*y. What is the tens digit of y?
1
Suppose 3*h + 242 - 23 = 0. Let p = h - -109. What is the tens digit of p?
3
Let u(o) = -7 + 12*o - o**2 + 25 + 4*o. What is the tens digit of u(14)?
4
Let b(s) = -s + 6 - 3 - 2 + 0. Let a be b(-8). What is the tens digit of 147/a + (-6)/(-9)?
1
Let f(u) = u**2 - 11*u + 27. Let h be f(8). Let i(w) = 37*w + 6. What is the tens digit of i(h)?
1
Let w(j) = j**3 + 13*j**2 + j - 2. Let k be w(-13). What is the tens digit of (-6)/k - 1612/(-20)?
8
Suppose 9*r - 10*r = 6. Let j(m) = 8*m**2 + 17*m - 17. Let n(g) = 2*g**2 + 4*g - 4. Let y(x) = r*j(x) + 26*n(x). What is the tens digit of y(2)?
1
Suppose 0 = 3*m + 2*p + 2*p + 35, 5*p = 3*m - 10. Let c = 0 - m. What is the units digit of c?
5
Suppose -2*l - 42 = -2*f, 2*f - l - 71 = -f. Suppose 2*w - 112 = -3*i, 0 = i + 4*w + 16 - 50. Let y = i + f. What is the units digit of y?
3
Suppose 3*p - 2*p - 221 = 0. Let g = -129 + p. Let f = g + -52. What is the units digit of f?
0
Let a = -203 - -559. What is the units digit of a?
6
Let c be 6*38*3/(-6). Let v be c/(-22) - (-4)/(-22). Suppose v*g - 52 = 68. What is the units digit of g?
4
What is the hundreds digit of (0 + 29/2)*62?
8
Suppose -2*n + n = 3. What is the units digit of (-1 + -2)*n*(-4 - -7)?
7
Let y = 2007 + -901. What is the tens digit of y?
0
Suppose 5*n = 7*a - 2*a - 110, 2*a = -5*n - 117. Let i = 92 + n. What is the units digit of i?
9
Let f(d) = -d**3 + d**2. Let j(h) = 2*h**3 - 2*h - 1. Let i(u) = -6*f(u) - j(u). What is the tens digit of i(4)?
6
Suppose -5*p = -3*p - 8. Suppose 0 = -2*c + p*f - 134, 2*c + 4*f - 2 = -168. Let s = c - -120. What is the tens digit of s?
4
What is the units digit of 59500/112 - (-9)/12?
2
Let z = -38 + 12. Let o = -23 - z. Suppose -4*v = -3*j + 115, o*j = -0*j - v + 125. What is the units digit of j?
1
Let d(u) = -u**3 - 7*u**2 - 6*u - 23. What is the tens digit of d(-7)?
1
Suppose -489 = -2*i - 4*n + 21, -3*i - 3*n + 768 = 0. What is the tens digit of i?
5
Suppose 0 = 2*g - 3*g. Suppose g*a - 2*a + 86 = 0. Suppose -2*l + a = -47. What is the units digit of l?
5
Suppose 158*q = 159*q - 2331. What is the hundreds digit of q?
3
Suppose 23 = 2*g + f + 2*f, -5*g + 5*f + 95 = 0. Suppose -67 = -3*s - g. What is the units digit of s?
7
Suppose -y - 9 = -l + 22, 4*l - 3*y = 123. What is the hundreds digit of (-156)/l*(1 + -31*1)?
1
Let j(y) = -15*y + 4. Let x(s) = -14*s + 1. Let k be x(1). Let a(c) = -31*c + 8. Let t(u) = k*j(u) + 6*a(u). What is the units digit of t(3)?
3
Let i(m) = -5*m**2 + 6*m - 1. Let v be i(3). What is the units digit of 8/v - 342/(-21)?
6
What is the tens digit of ((-63)/12)/(6*11/(-47344))?
6
Let t(m) = 10*m**2 + 21*m - 9. What is the units digit of t(-10)?
1
Let y be 4/(-18) + (-76)/(-18). Suppose -5*k + 311 = y*u, u + 5*k - 89 = -0*u. Suppose 16 + u = 5*z. What is the units digit of z?
8
Suppose 39087 + 12412 = 49*z. What is the units digit of z?
1
Let r = -247 - -157. Let h = r - -159. What is the tens digit of h?
6
Let g(l) = 14*l**2 - 1. Let m be g(-1). Let b = m + -9. Let o = 28 + b. What is the tens digit of o?
3
Let l(d) = -4*d**2 + 3*d + 1. Let t be l(-3). Let f(p) = -5*p**3 - p**2 - 3. Let m be f(-2). What is the tens digit of 8/t + 765/m?
2
Suppose 2*f = 5*b + 48 + 4, 2*b - 5*f = -25. Let m be 1/2 - (-5)/b. Suppose -4*i + 3*i + 28 = m. What is the units digit of i?
8
What is the tens digit of (1 + -4)/(24/(-1768))?
2
Suppose -6*x = -60 + 6. Suppose 922 - 211 = x*r. What is the tens digit of r?
7
Let c be (-4 - 3/(-6))*-2. Suppose -c*a + 5*a + 170 = 0. Suppose 0 = 3*k - u - 4 - a, 5 = 5*u. What is the tens digit of k?
3
Suppose -5*h = 6*h - 33. What is the hundreds digit of (-50)/(-30) - (-730)/h?
2
Suppose -n + 10 - 3 = 0. Let w(d) = -n*d + 7*d + 9*d - 7. What is the units digit of w(2)?
1
What is the hundreds digit of 1877/((40/24)/((-20)/(-12)))?
8
What is the tens digit of (-66792)/(-20) - (-64)/160?
4
Let n(r) = 73*r**2 - 9*r - 1. What is the units digit of n(3)?
9
Suppose 5*d + 495 = 4*m + 2*d, -372 = -3*m + 3*d. Suppose 0 = -v - c - 33, 0 = -0*v - 3*v + 5*c - m. Let i = 43 - v. What is the tens digit of i?
7
Suppose -16*s + 20*s - 208 = 0. Suppose 3*g - 280 = -s. What is the tens digit of g?
7
Let q(u) = u**2 + 3*u**2 - u**2 + u. Let s be q(1). Suppose 2*g + 202 = s*i, 3*g + g - 28 = -i. What is the units digit of i?
8
Suppose o - 3*z = -9, 4*o - 2*z + 0*z = 4. Let l = 7 - o. What is the units digit of ((-2)/l)/(6/(-12))?
1
Let i be (1 + -10)/((-3)/15). Let a be (8/32)/((-5)/(-100)). What is the units digit of (2/a)/(3/i)?
6
Let w(i) = -i**3 + 9*i - 6. What is the tens digit of w(-6)?
5
Suppose 6*i = 2*i + d + 4857, -5*i + 6071 = -d. What is the tens digit of i?
1
Suppose 0 = -16*i + 6*i + 2040. What is the tens digit of i?
0
Let s(b) = -5 + 0*b**2 + 9*b**2 + 5 + 10 - 5*b. What is the tens digit of s(4)?
3
Let h = -853 - -608. Let n = -166 - h. What is the units digit of n?
9
Let u(l) = 18*l**2 + 1. Let q be u(-1). Let r = q + -9. Let c(p) = p**2 - 7*p + 6. What is the tens digit of c(r)?
3
Let p(x) = -x**2 - 3*x. Let m be p(-3). Suppose 0 = 2*r - m*r. What is the tens digit of 27/5*(5 + r)?
2
Suppose 2*t = -7 + 1. Suppose -2*w + 16 = -2*i - 0*w, 0 = -2*i - 2*w - 12. Let o = t - i. What is the units digit of o?
4
What is the tens digit of 3004 + 3 + -3*(1 + 2)?
9
Suppose -4*t - 6 = -2*t, -3*t = 4*k + 9. Suppose k = 6*d + d - 1659. What is the tens digit of d?
3
Let u = 54 + -48. What is the tens digit of 2176/11 + u/33?
9
Let t(i) = i - 5. Let o be t(10). Suppose -h + 4*s = -1 + o, -4*s + 16 = -4*h. What is the units digit of 137/5 + h/10?
7
Let n(y) = y**3 - 5*y**2 + 5*y - 3. Let t = -3 + -13. Let d be (t/(-6))/(10/15). What is the units digit of n(d)?
1
Let t(r) = -241*r + 10. Let m be t(-3). Suppose -47 = -5*w + m. What is the tens digit of w?
5
Suppose -f = f - 270. Sup